6)/(14 - 8))?
69
Let b(n) = n**3 + 4*n**2 + 3. Let s be b(-4). Suppose -3*d + 8 = -4*c, 5*d - 8*c = -3*c + 20. Calculate the remainder when 0*s/9 - -22 is divided by d.
6
Let w = -3 + 10. Let m(l) = -l + 9. What is the remainder when m(-37) is divided by w?
4
Let s be (-222)/(6 - 4)*1. Let r = s + 143. What is the remainder when 94 is divided by r?
30
Calculate the remainder when 123 is divided by (0 + 22)/(14/21).
24
Let n(o) = -2*o**3 + 19*o**2 - 9*o + 2. Let p be n(9). Calculate the remainder when 120 is divided by (-6 - -7) + p*15.
27
Let z(g) be the first derivative of -5*g**2 - 42*g - 15. Let h = 86 - 47. What is the remainder when h is divided by z(-5)?
7
Suppose -2338 = -33*z + 1160. Calculate the remainder when z is divided by 29.
19
Suppose 188*l = 185*l + 174. Calculate the remainder when l is divided by 20.
18
Let h = 491 - 361. What is the remainder when h is divided by 24?
10
Suppose 3*j = -5*z + 25, 2*z + 31 = 4*z - 3*j. What is the remainder when (-26 + 3)*(-1)/1 is divided by z?
7
Let o be (-3 + 2)*(26 - 2). Let y = -22 - o. Calculate the remainder when 7 is divided by -2 + y + 1 - -1.
1
Suppose 9 = 3*t, 3*t = j - 17 - 6. Suppose -252 = -4*i - 3*z, 9*i - 4*i - 3*z = 315. What is the remainder when i is divided by j?
31
Let p(r) = 2*r**3 - 18*r**2 - r**3 + 24*r**2 - 2*r - 4 + 0*r**3. Let a = 9 + -13. What is the remainder when 141 is divided by p(a)?
33
Let b(k) = -k**3 + 8*k**2 + 3*k - 11. Calculate the remainder when b(4) is divided by 6.
5
Let b(n) = -4*n**3 - 5*n**2 - 12*n - 17. Calculate the remainder when b(-3) is divided by 43.
39
Suppose -249 + 48 = -2*m + 3*h, 3*m = 3*h + 303. Calculate the remainder when 214 is divided by m.
10
Let y(f) = 1 + 6 - 1 - 3 - f. Let s be y(3). Let d(r) = -r + 9. Calculate the remainder when d(s) is divided by 5.
4
Let x = 5 - 5. Suppose -3*u = 2*p - 15, 2*p - 2*u + x*u = 10. What is the remainder when 414/p*2/6 is divided by 6?
5
Suppose 2*u - 316 = 4*u. Let c = -145 - u. Let r(k) = 22*k + 1. What is the remainder when r(1) is divided by c?
10
Let r(l) = -50*l + 584. Calculate the remainder when 137 is divided by r(9).
3
Suppose 10 = -10*s + 5*s. Let y be (-20)/5 + 4 - s. Suppose 0 = -y*o - 2*p + 22, -5 = -0*p - p. What is the remainder when 17 is divided by o?
5
Calculate the remainder when (-8)/(-10) - 347256/(-455) is divided by 12.
8
Suppose 0*n = 5*n + 5*j - 35, -9 = -2*n - j. Suppose -4*w = 3*m - w - 459, -4*m = n*w - 608. Let z = m + -79. Calculate the remainder when z is divided by 25.
22
Let a(t) = 4*t - t - 2*t - 2*t. Let j be a(-4). Suppose -j*k - 12 + 68 = 0. What is the remainder when 41 is divided by k?
13
Suppose 2*b = 3*m - 239, -5*m + 10*m + 5*b - 415 = 0. Calculate the remainder when m is divided by 16.
1
Let f = 12 + 14. Let w(v) = -127*v - 2399. Calculate the remainder when f is divided by w(-19).
12
Suppose r + 10 = 3*r. Let j be 31/(-62)*(0 - -1)*-6. Suppose 0 = -4*u - j*q + 148, 0*u + 166 = r*u - q. Calculate the remainder when u is divided by 9.
7
Let l = -723 - -1005. What is the remainder when l is divided by 15?
12
Let z be 26*(-4)/(3 + 1). Let o = -12 - z. Calculate the remainder when 24 is divided by o.
10
Let t(z) = 10*z + 53. Let b be t(0). Suppose a - 58 = -b. What is the remainder when 2/(-4)*(1 - 15) is divided by a?
2
What is the remainder when 672 is divided by (-15)/40 + 1206/16?
72
Let v(w) = -w**3 + 20*w**2 + 6. Let t be v(20). Let o(n) = n**3 - 5*n**2 - 6*n + 4. What is the remainder when 5 is divided by o(t)?
1
Let f = -869 - -877. Let m(a) be the first derivative of a**2/2 - a - 1. Calculate the remainder when f is divided by m(5).
0
Let z be ((-40)/(-30))/((-1)/(-54)). Let r = 424 - z. Suppose -r - 26 = -6*l. What is the remainder when l is divided by 13?
11
Suppose -6*t = -i - t + 47, -4*i = -t - 169. Calculate the remainder when i is divided by 9.
6
Suppose -5*s - 355 = -5*g, 4*g - 4*s = -5*s + 294. What is the remainder when 207 is divided by g?
61
Suppose -4*g = -5*g + 17. What is the remainder when 166/2*(2 + -1) is divided by g?
15
Let p(z) = -z**2 + z + 64. Let g = 77 + -71. Calculate the remainder when 65 is divided by p(g).
31
Suppose -2*g + 3*u + 45 - 14 = 0, -5*u = 4*g - 117. Suppose i - 86 = -2*r, 0*r - 3*r - i = -129. What is the remainder when r is divided by g?
20
Let f(t) be the second derivative of t**5/20 + t**4 - t**3/6 - 9*t**2/2 + 2*t. Let j = -7 + -5. Calculate the remainder when 3 is divided by f(j).
0
Suppose 3*q = 2*y + 167 + 238, 4*y + 675 = 5*q. What is the remainder when q is divided by 53?
29
Let n be 7 + -1 - (1 - -2). Let p(k) = k + n*k + 0*k - 9. What is the remainder when 13 is divided by p(4)?
6
Suppose 9*l - 4*l - 5 = 0, -50 = -5*g + 5*l. Suppose -r + 3*r = 40. Calculate the remainder when r is divided by g.
9
Let v = -1688 - -3297. What is the remainder when v is divided by 124?
121
Suppose -h - 3*h + 1 = -z, -z - 1 = -5*h. Calculate the remainder when z/7 - (-72)/14 is divided by 3.
2
Suppose 4*q - 3*b = -10, -q + 2*b + 0*b = 0. Let k(n) = -2*n**2 - 6*n. Let s be k(q). Calculate the remainder when 23 is divided by 18*(s/(-12) - 0).
11
Let q be 3*(-4)/(-12) - 1. Let w = 8 - q. What is the remainder when 21 is divided by 3/(4 - 1)*w?
5
Suppose -4*r - 174 = 298. What is the remainder when (-6)/(-2) + -1 - r is divided by 31?
27
Let k be 5/30*15*-6. Calculate the remainder when ((-2)/(-3))/((-2)/k) is divided by 5.
0
Let g = -212 + 365. What is the remainder when g is divided by (-1380)/(-105) + (-12)/(-14)?
13
Let q(a) = 2*a**2 + 6*a - 1. Let i be q(-3). What is the remainder when (-4)/10 - 7/(-5) is divided by 0*i/(-2) + 2/2?
0
Let x(v) = -v**3 - 22*v**2 - 30*v - 48. What is the remainder when x(-21) is divided by 3?
0
Let u = -6 - -203. Let i(v) = -v**2 + 10*v + 16. Let j be i(11). Suppose j*g = -67 + u. What is the remainder when g is divided by 9?
8
Let n = -1 - -6. Let w(v) = -3*v - 5 + 6*v**3 + 6*v**2 - 7*v**3 + 0*v**3. Calculate the remainder when 14 is divided by w(n).
4
Suppose -2*g + 5*n - 199 = 0, -5*g - n = -2*n + 440. Let a = g + 116. What is the remainder when a is divided by 10?
9
Let o(c) = c**2 - 6*c - 8. Suppose 2*s = 29 + 11. Calculate the remainder when s is divided by o(8).
4
Let m(w) = 5*w**2 + 73*w + 8. Calculate the remainder when m(-15) is divided by 15.
8
Suppose -z = -2, 3*m - z - 389 = 1145. What is the remainder when m is divided by 37?
31
Let q = 2057 - 2033. What is the remainder when 73 is divided by q?
1
Let k = -22 + 22. Suppose -2*i - b + 2*b + 17 = k, -4*i + 5*b = -49. What is the remainder when 52 is divided by i?
4
Calculate the remainder when 109/(1 - (2 + 3 - 5)) is divided by 59.
50
Suppose -5*j - 169 + 179 = 0. Let d = -1 - -1. Suppose d = -j*n - 5*p + 29, 4*n - n + 3*p = 30. What is the remainder when 27 is divided by n?
6
Calculate the remainder when 2303 is divided by (32/(-10))/(2/(-24 + 4)).
31
Suppose b = 3 - 2. Suppose j - 2 - b = 0. Suppose 2*c = -4*u + 64, 7*u - 40 = j*u + 4*c. Calculate the remainder when 53 is divided by u.
11
Let x(n) = n**2 - 29*n + 87. Calculate the remainder when 13 is divided by x(26).
4
Let k = -16 + 49. Let f(j) = 8*j - 164. What is the remainder when k is divided by f(23)?
13
Let t = 9 - 7. Suppose -3*a + k = 0, 10 = -t*a - 3*k + 7*k. Suppose 44 = 4*f + 4*d, 2*d - a - 1 = 0. Calculate the remainder when 48 is divided by f.
8
Let y(v) = 2*v + 3*v - 17 + 6 - 4. What is the remainder when 48 is divided by y(8)?
23
Let l(y) = -2*y**2 - 2*y. Let o be l(6). Let n = -34 - o. Let g = n - 36. What is the remainder when g is divided by 4?
2
Suppose 1 = 3*h + 31. Let d = 10 + h. What is the remainder when 16 is divided by 7 - (2 + -1) - d?
4
Let h(g) = 4*g**2 + 5*g - 4. Let l(q) = q**3 - 10*q**2 - 12*q + 6. Let d be l(11). What is the remainder when h(d) is divided by 37?
34
Suppose -2*m + 61 = 5*n, m + n = -4*n + 18. Let x(g) = g**3 - g**2 + 4. Calculate the remainder when m is divided by x(3).
21
Let v(i) = 6*i**2 - i - 2. What is the remainder when v(-3) is divided by (216/90)/((-15)/(-50))?
7
Suppose 3*v - 4*c - 43 = -0*v, -3*c = 4*v - 99. Let l = 35 - -4. Calculate the remainder when l is divided by v.
18
Suppose 3*s = -k + 18, -4*s + 2*s = -2*k + 36. Suppose 48*n = 787 + 1757. What is the remainder when n is divided by k?
17
Let i(n) = 2